thousands digit of g(55)?
1
What is the hundreds digit of 112 - (-10 + 3 + 3 + 9)?
1
Suppose -16 - 10 = 2*s. Let q = s + 76. What is the tens digit of q?
6
Suppose 0 = -0*c + 2*c - 72. Let z(o) = 2*o - 1. Let i be z(10). Let d = c - i. What is the tens digit of d?
1
Suppose -3*g = -4*f - 2 - 12, -4 = 2*g + 4*f. Suppose g*w = 3*w - 128. What is the units digit of w?
8
What is the units digit of (11184/(-120))/(4/(-10))?
3
Let n(t) = -9 - 5*t + 16*t + 2 + 16*t. Let v be n(6). Suppose -55 + v = 5*k. What is the tens digit of k?
2
Suppose 9*b = -1546 + 5668. What is the tens digit of b?
5
Suppose 0 = -j + 4 - 0. What is the units digit of j*(-4)/(-32)*44?
2
Suppose 0 = -c - 3*c - 12. Let b(x) = -x**3 - 8*x**2 + 9*x - 3. Let s be b(-9). What is the units digit of 2*(5 - (s - c))?
0
Suppose 0 = -40*y + 33*y + 3682. What is the tens digit of y?
2
What is the thousands digit of ((-2 - -20)/(-3))/((-51)/15266)?
1
What is the hundreds digit of (-4)/(-14) - 120879/(-63)?
9
Suppose 4*d = -4*u + 1293 + 591, 1882 = 4*u + 3*d. What is the hundreds digit of u?
4
Let u = -18 + 21. What is the hundreds digit of (-5)/(u - -2) - 260/(-2)?
1
Let x(n) = -2*n + n + 0*n + 15 - 5. What is the tens digit of x(-8)?
1
Suppose -2*f - 9 = f. Let i(y) = y**2 - 6*y - 6. What is the units digit of i(f)?
1
Let d = 245 - 150. Suppose 4*b - 2*m + 45 = 5*b, -2*b + m + d = 0. What is the units digit of b?
7
Let c(v) = 9*v**2 - 2*v. Let t be c(-1). Suppose t*i + 219 = 1451. What is the hundreds digit of i?
1
Let s = -15 + 21. Suppose s*r - 370 = r. Let m = 109 - r. What is the tens digit of m?
3
Suppose -x - 26 = -28. Suppose -x*n = -4*h + 7 - 1, 9 = n + 4*h. What is the units digit of n?
1
Let l = 153 + -7. Suppose -3*y = -5*y + l. What is the tens digit of y?
7
Let y be -1*(-3 - (-28)/(-2)). Suppose 43 = 2*v - y. What is the units digit of 4 + -6 + (v - 1)?
7
Let g = 32 + -24. What is the units digit of g?
8
Suppose -29*t = 1233 - 11151. What is the tens digit of t?
4
Suppose -5*q - 24 + 9 = 0, 2*v - 5*q - 21 = 0. Suppose 0 = 6*i - v*i - 18. Suppose 4*t - i*t = -60. What is the units digit of t?
0
Let m be 48/(-18)*(-3)/2. Let f be m*2/(-16)*-4. Suppose 20 = -4*y, 0*y - 4*y + 62 = f*k. What is the tens digit of k?
4
Suppose -4*h + i = 25, 4*h + 15 = 5*i - 30. Let r = h + 23. What is the units digit of r?
8
What is the tens digit of (9/(-12))/((-42)/5992)?
0
What is the units digit of (-7)/(-14)*-38*(-8 + -1)?
1
Let b(w) = -2*w**2 - 9*w + 2. Let m be b(-5). Let q be 14/(m - (-3 - -1)). Let u = 41 + q. What is the units digit of u?
7
Suppose 4*y - 46 = 3*y. Let l = -527 - -554. Let m = y - l. What is the units digit of m?
9
Let g(v) = 43*v + 10*v**2 + 6 + 5*v**2 - 3*v**3 - 37*v. What is the tens digit of g(5)?
3
Let k = 637 + 341. What is the tens digit of k?
7
Let d = 936 - -1134. Let c be ((-6)/(-9))/(5/d). Suppose 3*k - n - 228 = -10, 5*n = 4*k - c. What is the units digit of k?
4
Suppose 1 - 1 = -3*o. Let u(y) = y + 54. What is the units digit of u(o)?
4
Let c(m) = 2 + 3*m - m - m - 1. Let y be c(2). Suppose 4*g - 2 = -y*n, -2 + 7 = 5*n + 5*g. What is the units digit of n?
2
Let i be ((-2 - -1) + 2)*138. Let v = i - 80. Let n = 103 - v. What is the tens digit of n?
4
Suppose 21 = y - 2*o - 0*o, 3*y = -4*o + 43. Let x = -170 + 175. Let v = y - x. What is the tens digit of v?
1
Suppose 313 = -5*t - 4*o + 3837, 0 = -6*o - 24. What is the tens digit of t?
0
Let d(h) = -h**2 + 5*h + 1. Let s be d(5). Suppose -2*c + s = o - 5, o = c - 3. Suppose -c*b - 19 = -130. What is the tens digit of b?
3
Let l(f) = -f**3 + 4*f**2 + f + 4. Let b be l(4). Suppose b*t = 161 + 375. What is the tens digit of t?
6
Let z = 41 - 38. Suppose 0 = 3*w + 4*p - 210, z*p = w - 19 - 38. What is the tens digit of w?
6
Let i(j) = j + 13. Let s be i(-6). Suppose -5*v + s*v - 46 = 0. Suppose -t + v = b, 5*b - t = 3*t + 97. What is the tens digit of b?
2
Let i be ((-2)/(-3))/(4/30). Suppose 456 = 4*a + 56. Suppose -i*s - a = -5*p, s + 3*s = -5*p + 55. What is the units digit of p?
5
Let f(v) = -88*v + 2. Let z(o) = 265*o - 6. Let c(q) = 8*f(q) + 3*z(q). What is the tens digit of c(1)?
8
Let f(i) = 11*i**3 + 6*i**2 - 7*i + 12. What is the units digit of f(4)?
4
Let l(s) = -s**3 - 7*s**2 + 7*s - 5. Let p = 10 - 18. Let g be l(p). Suppose -h = -5*n - 70, g*h + h - 4*n = 216. What is the units digit of h?
0
Let l(f) = -1020*f - 1052. What is the units digit of l(-7)?
8
Suppose 885 = 2*w - m, 0 = 4*w - 9*w - m + 2209. What is the hundreds digit of w?
4
Let x be (-10)/(-30) + (-2459)/(-3). Suppose 21*m + x = 26*m. What is the tens digit of m?
6
Suppose 0 = 4*y - 3*q - 93, 0 = -5*q + 5 - 20. What is the units digit of y?
1
Let a(p) = -p**2 - 13*p - 1. Let r be a(-12). Let s = -7 - -10. Suppose -4*j = 5*f + r, -3*f = -4*j - 16 - s. What is the units digit of f?
1
Suppose -117 = x - 295. Suppose -4*g - 7*h + x = -9*h, h = 3*g - 135. What is the units digit of g?
6
Let o(j) = 5*j**2 - 7*j - 98. What is the units digit of o(-12)?
6
Let l = 55 - 53. Suppose c - 75 = -3*v, 0 = 3*c + l*v + 108 - 347. What is the tens digit of c?
8
Suppose 629*n - 626*n = 1311. What is the tens digit of n?
3
Let j = 38 - 32. Suppose j*u - 766 + 16 = 0. What is the tens digit of u?
2
Suppose -4*s + 6 = -2*b, -b - 4*s + 7*s = 6. Suppose k = -b*k + 652. What is the tens digit of k?
6
What is the tens digit of (100/(-45) - 2/(-9)) + 144?
4
Let v(d) = -6*d**2 + 3*d + 2. Let h be v(-2). Let q = h - -192. What is the tens digit of q?
6
What is the units digit of (-6)/14 - (-2750)/14?
6
Let x = 415 - 51. What is the tens digit of x?
6
Suppose 0 = b + b - 4*i - 6, 0 = 5*b + i - 4. Let w = b - -7. Suppose 4*a = x + w, 18 = -2*a + 4*a - 4*x. What is the units digit of a?
1
Let q = 233 - -329. What is the tens digit of q?
6
Let r = 93 - 25. Suppose 3*a - 636 = -45. Suppose -r + a = 3*o. What is the units digit of o?
3
Let g(o) = 45*o**2 + 2*o + 10. What is the units digit of g(4)?
8
Let o(x) = -3*x - 12. Let v be o(-16). Let s = -33 + v. What is the units digit of s?
3
Let i(n) = 5 + 0 - 5*n - 3*n**2 + 7*n - n**3. What is the tens digit of i(-4)?
1
Suppose -4 = 2*t + 2. Let p(b) = b**3 - 3*b**2 + 3. Let z be p(t). Let n = -36 - z. What is the units digit of n?
5
Let h(v) = -10*v + 9. Suppose 0*y - y = -4*g + 28, -4*g = y - 12. What is the tens digit of h(y)?
8
Let f(r) = r**3 - 15*r**2 - 15*r + 40. Let c be f(16). Let j = 65 - c. What is the units digit of j?
9
Let y be ((-33)/(-1))/(-1*(-2)/4). Let v = y + -14. What is the tens digit of v?
5
Suppose 4*z + 5*s = 254, 0 = -2*z - s + 63 + 67. What is the tens digit of z?
6
Let i be 12*1*-3*68/(-36). Let z = 79 - i. What is the tens digit of z?
1
Suppose 0*c - 2*r = -2*c + 8, -r + 2 = 2*c. Suppose -c*q = -7*k + 4*k + 372, 4*k + 2*q - 496 = 0. What is the units digit of k?
4
Let x(q) = -22*q + 1. Suppose 3*i - 47 = 5*f, 3*i - 5*i + 38 = -4*f. What is the tens digit of x(f)?
2
Let d = 3 - -2. Suppose -i - 568 = -d*i. What is the tens digit of i?
4
Let y be 1*4/2 + 2. Suppose -2*g = -3*b + y*b - 21, 0 = -2*b - 5*g + 38. What is the tens digit of b?
2
Suppose 7*n - 689 = 466. Suppose 3*x = -2*c + n, x - 87 = -c - 2*x. What is the units digit of c?
8
Suppose 0*t - 1 = -t - v, 0 = -t - 4*v - 5. What is the units digit of 10/(t*4/18)?
5
Let a(d) = d**2 + 5*d + 9. Let v be a(-3). Suppose 0 = g + v*o - 204, 0*g - 5*g = 5*o - 1040. What is the tens digit of g?
1
Let k(y) = -y**3 - y**2 - y - 5. Let c be k(0). Let z(b) be the first derivative of -5*b**2/2 - 2*b + 55. What is the tens digit of z(c)?
2
Let b(s) be the second derivative of -23*s**3/6 - 30*s**2 + 5*s. Let f(t) = 6*t + 15. Let z(l) = -2*b(l) - 9*f(l). What is the tens digit of z(-7)?
4
Let c = -1070 + 2358. What is the tens digit of c?
8
What is the units digit of 1 - (5 - (1235 + 7))?
8
Let y be -5 + 1/2*-2. Let w be 1484/(-35) - y/(-10). Let c = -27 - w. What is the tens digit of c?
1
Let o = 4 - -15. Let p = o + -15. Suppose -3*l + p*c = -103, -3*l + 2*c = 3*c - 128. What is the units digit of l?
1
Suppose 0*l + 4*l - 5*n = 99, -4*l = 4*n - 144. Suppose l = 2*k + 27. What is the units digit of k?
2
Suppose 0 = -9*x + 16*x - 6111. What is the tens digit of x?
7
Suppose 680 + 958 = 3*b. Suppose -2*q + 8*q - b = 0. What is the tens digit of q?
9
Let x = 